 i(b) = b**2 + 6*b**2 + b + 4*b**2 + 3*b**2 + 1 - 13*b**2. Let k(g) = 2*i(g) - s(g). Determine k(4).
-21
Let s(j) = -5*j**2 + 19*j + 5. Let n(h) = h**3 - 14*h**2 - h - 1. Let b(v) = n(v) + s(v). Calculate b(18).
4
Let v(j) = -j**2 + 14*j + 73. Let u(i) = 2*i**3 + 16*i**2 + 29*i + 6. Let k be u(-4). Give v(k).
1
Let t be -16 + 40/8 - (4 + -67)/9. Let u(h) = 30*h + 35. Give u(t).
-85
Let y(b) be the first derivative of -b**3 - 29*b**2/2 - 20*b + 1114. What is y(-8)?
20
Let x(w) = w**3 - 38*w**2 - 43*w + 164. Suppose 0 = 3*h - 51*p + 54*p - 141, 23 = h - 2*p. Calculate x(h).
8
Let w(r) = r**3 + 5*r**2 + 2*r - 7. Suppose -225 = -151*t - 295 - 685. Give w(t).
-17
Let h(n) = -47 + 153*n**2 + 49 - 146*n**2 - 7*n + n**3. Calculate h(-9).
-97
Let c be 28/2*(-194)/679. Let y(q) = -2 - q**2 + 3*q - 4 - 10*q. Determine y(c).
6
Let u(l) = -12*l + 55. Let w(y) = 133*y - 630. Let q(k) = 56*u(k) + 5*w(k). Calculate q(-11).
7
Suppose -8 = 119*g - 127*g. Let y(i) = 14515*i + g - 14514*i - 2. Give y(4).
3
Let m(i) = -i**2 + 10*i - 12. Suppose 30*l - 2670 = -0*l. Suppose -11*r - 1 + l = 0. What is m(r)?
4
Let m(k) = -11*k + 44*k - 19*k - 1 - k**2 - 9. Give m(13).
3
Let g be (-4 - 1)*(-3)/3. Suppose -3*o - 2 - 1 = g*y, 0 = 2*o + 2. Let a(c) be the second derivative of -c**4/12 + 5*c**2/2 - 4798*c. What is a(y)?
5
Suppose -h = 4 + 1, -x + 4*h + 20 = 0. Let a(u) be the second derivative of -1/3*u**3 + x + 7/2*u**2 + 47*u. Calculate a(6).
-5
Let f(y) = -42 - 47 + 120 - y**2 + 19*y - 6*y - 50. Calculate f(12).
-7
Let g(s) = -7*s**2 + 11. Let t(n) = -10*n**2 + 16. Let z(m) = 7*g(m) - 5*t(m). Let a be (-13 - 141/(-12))/((5/4)/5). Give z(a).
22
Let k(t) = -t**3 + 6*t**2 + 6*t + 7. Let j be k(7). Let q(w) be the second derivative of w**4/12 - w**3/6 - 5*w**2/2 + 308*w. Give q(j).
-5
Let v(t) be the first derivative of -7*t**3/3 - 27*t**2/2 + 2*t - 130. Let r(f) = f**2 + 3*f - 1. Let w(u) = -6*r(u) - v(u). What is w(-7)?
-10
Let a(f) = -2*f + 13. Let w(s) = -48*s + 89. Let b(j) = -7*a(j) + w(j). What is b(-2)?
66
Let n(q) = 7 - 41*q - 41*q - 41*q - 21*q + 145*q. Let f(i) = i**3 - 5*i**2 + 7*i - 5. Let z be f(5). Suppose 2*m = -a + 6*a + z, a + 33 = -5*m. Determine n(a).
-1
Let j(p) be the first derivative of -p**3/3 - 5*p**2 - 7*p + 580. Calculate j(-7).
14
Let n be (-6 + 6 - 0) + 0 - 3. Let c(w) = -w**3 - 9*w**2 - 1. Let y(q) = q**3 + 8*q**2 + q + 2. Let m(t) = -4*c(t) - 5*y(t). What is m(n)?
0
Suppose 541*l = 548*l - 28. Let b(p) be the second derivative of 0 - 7*p + 7/2*p**2 + 1/20*p**5 - 1/6*p**3 - 5/12*p**l. What is b(5)?
2
Let n(q) = -3*q**2 + 16*q - 13. Let p(s) = -s**2 + 7*s - 7. Let i = 251 - 246. Let t(r) = i*p(r) - 2*n(r). What is t(-7)?
19
Let d(v) = -13*v**2 - 72*v + 1. Let w(k) = 6*k**2 + 37*k + 1. Let i(n) = -2*d(n) - 5*w(n). Determine i(-10).
3
Let m(t) = -t**3 - 10*t**2 + 40*t + 7. Let r(g) = 3*g**2 + 4*g - 28. Let v be r(-3). Determine m(v).
-6
Let s(l) = l**3 - 27*l**2 + l - 28. Let t(p) = -p**2 - 40*p - 148. Let d be t(-35). What is s(d)?
-1
Let a be 1/1 - ((-54)/(-9) - 7). Let i(v) = -v**3 + 2*v**2 + 4*v - 5. Let x be i(a). Let n(r) = -r**3 + 5*r**2 - 3*r. What is n(x)?
9
Let k(t) = 238*t + 168. Let u(l) = 4*l + 2. Let j(a) = k(a) - 56*u(a). Determine j(-11).
-98
Let v(f) = -18*f + 5*f + 7*f - 19 + 0*f + 5*f. Let u be -16 - (-2 - (0 + -1)). Determine v(u).
-4
Let q(l) be the third derivative of -l**5/60 - 13*l**4/24 + 6*l**3 - 1978*l**2 + l. Calculate q(-16).
-12
Let f be ((-12)/10)/(2/5). Let c(z) = -26*z - 19. Let r(y) = 5*y + 3. Let p(n) = -c(n) - 5*r(n). Calculate p(f).
1
Let c(i) = -i**3 - 9*i**2 - 6*i - 1. Let b(h) be the second derivative of h**5/20 + 5*h**4/3 - 11*h**3/3 - 29*h**2/2 + h. Let g be b(-21). Give c(g).
-17
Let q(k) = -k - 7. Let n = -58 - -65. Let i(r) = -2*r - 13. Let f(s) = n*q(s) - 3*i(s). Determine f(-8).
-2
Let h = -41 + 44. Suppose 0 = -3*j - 4*n - 2, -3 = -4*j - n + h. Let y(v) = -2*v - 1. Let m(w) = -4*w - 3. Let u(i) = j*m(i) - 5*y(i). Determine u(3).
5
Let k(t) = -75*t**2 - 11*t**3 + 106*t**2 - 7*t - 4 + 10*t**3 - 34*t**2. Determine k(-5).
81
Let o = 211 - 208. Suppose -4 = -o*w - 19. Let z(t) = -t**2 - 5*t - 3. Calculate z(w).
-3
Let d(r) = -50 - 14*r + 9 + 10 + 21. Determine d(5).
-80
Let x(b) be the second derivative of -7*b**4/6 - b. Let i(o) = -3*o**2 - 1110*o - 2207. Let y be i(-2). What is x(y)?
-14
Let h(g) = 2*g**2 - 7*g - 26. Let o be 8 + 15 + -4 - 13. Give h(o).
4
Let o be (-714)/(-12)*((0 - -427) + -5). Let z(r) = 0*r**2 - 25107 + r**2 + o. Give z(3).
11
Let o(m) = 2*m**3 + 4*m**2 + 7*m + 10. Suppose 0 = 4*g + 7*j - 11*j, -18 = 4*g + 2*j. Calculate o(g).
-29
Let x(q) = 13*q - 34. Let v be x(21). Let z(k) = -19 - v*k - k**2 + 115*k + 112*k. Let d be z(-11). Let g(b) = -3*b - 12. Calculate g(d).
12
Let g(v) be the first derivative of -v**3/3 + 29*v**2/2 + 29*v - 1040. Calculate g(29).
29
Let c(f) = 24 - 107 + 34 - 12*f**3 + f + 13*f**3 - 27*f**2. Give c(27).
-22
Let b = -9077 - -9071. Let p(v) = 21*v + 29. Calculate p(b).
-97
Let h = -62 + -31. Let q be 3/(-4)*496/h. Let z(j) = -4*j + 0 + 3 + j. Give z(q).
-9
Let a(u) = -72*u**2 + 6*u - 146. Let k(p) = -p + 29. Let t(d) = a(d) + 5*k(d). Determine t(1).
-72
Let u(a) = 2*a**3 + a**2 - 2*a + 2. Suppose -8*i + 6*i + 6 = -2*x, x = -3*i + 1. Give u(i).
3
Let m(f) = 94065 + 12*f + f - 8*f - 94001. Determine m(-22).
-46
Let i(q) = -5*q - 8. Let p = 38 + -34. Let n(b) = -2*b - 3. Let w(a) = p*i(a) - 11*n(a). Let z(o) = -o + 1. Let y(l) = -w(l) - 3*z(l). Give y(8).
4
Suppose 35*t + 179 + 7 = 4*t. Let d(u) = u**2 - 3*u - 8. Calculate d(t).
46
Let f(o) = o**2 - 8. Let v be 5/(15/(-9)) + 42 + -9. Let l be (-27)/(-18)*v/9. Determine f(l).
17
Let v = 606 + -594. Let i(p) = 0*p + 5*p - v*p**3 - 4*p + 10*p**3. What is i(2)?
-14
Let t(b) be the second derivative of b**4/12 - 4*b**2 - 188*b. Suppose 5*z - 4*g + 4 = 0, 0 = -3*z + 6*z - g + 8. Calculate t(z).
8
Suppose -2*h + 28 = 3*a, 0 = h + 89*a - 92*a + 4. Let g(k) = k - 3. Let p(l) = 2. Let m(w) = -3*g(w) - 2*p(w). Give m(h).
-19
Let l(u) be the second derivative of -u**4/12 + 8*u**3/3 - 51*u**2/2 - 1256*u + 1. Give l(9).
12
Let g(c) = 7*c**3 - 12*c**2 - 4*c + 89. Let a(p) = -12*p**3 + 20*p**2 + 7*p - 178. Let k(w) = 3*a(w) + 5*g(w). Determine k(0).
-89
Let y(z) be the first derivative of -1/3*z**3 + 19 + 6*z**2 - 12*z. Calculate y(9).
15
Let f(u) = 7*u - 35. Let x = -2697 - -2705. Calculate f(x).
21
Let t(w) = w**3 - w + 8. Let h(x) = 3*x**2 - 2*x**2 + x + 73 - 69. Let c(j) = -5*j**2 - 4*j - 21. Let u(y) = -2*c(y) - 11*h(y). Let g be u(-2). Give t(g).
8
Let a(s) = -14*s**3 + 24*s**2 + 19*s + 8. Let u(t) = 11*t**3 - 21*t**2 - 17*t - 7. Let v(c) = -4*a(c) - 5*u(c). Calculate v(-8).
-5
Let z(w) = w**3 + 15*w**2 - 2*w - 28. Let g be z(-15). Let i(x) be the first derivative of -1/2*x**2 - g*x - 20. Calculate i(-4).
2
Let t(c) be the first derivative of -2*c + 5/2*c**2 + 2*c**3 + 66 + 1/4*c**4. Determine t(-4).
10
Let o(j) = -j + 79. Let d be o(93). Let c(h) = -h**2 - 11*h + 56. Determine c(d).
14
Let p(s) be the first derivative of -s**4/4 - 20*s**3/3 + 67*s**2/2 - 37*s - 137. Let z be p(-23). Let b(k) = -3*k + 3. Calculate b(z).
-24
Let o(q) = q. Suppose 4*l = -3*x - 4 - 1, 40 = 3*x - 5*l. Let p be o(x). Let d(s) = -15 + 4*s**2 + 0*s**3 - 10*s**2 + 23 + 6*s - 15 + s**3. Determine d(p).
-2
Let f = -10 - -15. Let m(p) = -p + 2*p + f + 8*p**2 + p - 6. Let x be (2 - 2 - -1*1)*1. Determine m(x).
9
Let d(l) be the third derivative of 58*l**2 - 3/8*l**4 - 7/60*l**5 + 0 + 0*l + 2/3*l**3 + 1/120*l**6. Determine d(8).
-4
Suppose -3*d = 2*w - 3*w + 25, 5*d + w = -31. Let x(b) = -9*b + 1162. Let s(n) = 5*n - 663. Let o(y) = -7*s(y) - 4*x(y). Give o(d).
-14
Let k(a) = -17*a + 6. Let c be k(-2). Let w = 42 - c. Let u(b) = -b**3 + b**2 + 3*b - 1. Let o be u(w). Let q(z) = 4*z**3 - z**2. Calculate q(o).
3
Let n(v) = -6*v**3 + 3*v**2 + 4*v + 2. Suppose -4*t = -51*y + 47*y - 20, 13 = -5*y + 2*t. Give n(y).
7
Suppose -s + 29 = 4*x, -4*s + 4*x - 48 = -84. Let m(t) = -t**2 + 16*t - 33. Determine m(s).
6
Let m be (-471 - -466)*(-2)/2. Let r(k) = 3*k - 37. Determine r(m).
-22
Let s(x) be the third derivative of 13*x**5/60 + x**4/12 - 54*x**2 - 4*x. Calculate s(-2).
48
Let d(o) = -7*o - 33. Let f(i) = i**2 + 11*i + 23. Let h be f(-5). Let j be d(h).